c - 6*y + 5*y**3 - 2*y**3 + 5*y**2 - 3*y**3. What is the units digit of t(4)?
3
Let r = 55730 + -28756. What is the thousands digit of r?
6
Let l be 0/(-2) - 2 - -4. Suppose -6*u + 16 = -l. Suppose 2*r = 4*h + 26, u*r + 6*h - 2*h = -11. What is the units digit of r?
3
Let i(g) = -7*g + 49. Let a be i(7). Suppose -2*o + 1616 = 4*u, a = -5*u + 6*o - 3*o + 2031. What is the tens digit of u?
0
Let o(w) = -12*w**2 - 108*w + 6. Let a be o(-9). Let t(n) = n**3 + 10*n**2 - 29*n + 7. What is the units digit of t(a)?
9
Let x = -11801 + 19940. What is the units digit of x?
9
Suppose 3445 = z + y, 120*z - 3451 = 119*z + 5*y. What is the tens digit of z?
4
Let h(l) = -4289*l - 8 + 0*l**3 - 5*l**2 + 4293*l + l**3. Let p be 7 + -2*3/6. What is the units digit of h(p)?
2
Suppose -25*h + 15668 - 5468 = 0. What is the tens digit of (-3 - -1) + (h - -8)?
1
Suppose 43 + 3926 = 7*k. Let d = k - -990. What is the units digit of d?
7
Let w be ((-90)/40)/(1/(-4)). Suppose w*v - 5380 = -11*v. What is the tens digit of v?
6
Let k = 6482 - -1602. What is the units digit of k?
4
Let l be (-2)/(-4)*120/4. Suppose l*z = 7*z + 3768. What is the units digit of z?
1
Suppose -3*a = -6, 0 = 4*b + 2*a + a - 5610. Suppose 8*u = b + 1399. Suppose -8 = -2*g - 2*g, -g = 4*r - u. What is the tens digit of r?
8
Let k = 7008 - 4744. Let f = k - 1582. What is the hundreds digit of f?
6
Suppose 2*t + 9943 = 3*f, 7*f - t + 6617 = 9*f. What is the thousands digit of f?
3
Let j(p) = 14*p - 753. What is the units digit of j(55)?
7
Suppose -21*s + 18*s = 4*p - 172059, s - 129053 = -3*p. What is the thousands digit of p?
3
Let h(u) = 63*u + 97. Let j be h(6). Let s = 736 - j. What is the units digit of s?
1
Suppose -5*d = -6*d - 95. Let m = d + 104. Suppose 95 = m*o - 130. What is the tens digit of o?
2
Let j(w) = 3*w**3 + 13*w**2 - 25*w - 20. What is the hundreds digit of j(11)?
2
Let q = 461 + -376. Let d = 372 + q. What is the hundreds digit of d?
4
Let k be 7*(4 - (6 + -519)). What is the units digit of (-28)/(-112) - (1 - k/4)?
4
Let s = -43 + 45. Let a(y) = -5*y**3 + 3*y**2 - 2*y + 2. Let b be a(s). What is the tens digit of ((-69)/(-5))/((-6)/b)?
6
Let i(k) = -2358*k + 10. Let n be i(-2). Suppose -371 = 5*m - n. What is the tens digit of m?
7
Suppose 0*z - 1656 = 4*z + 5*n, 0 = z + 3*n + 414. Let l = z + 587. What is the hundreds digit of l?
1
Suppose 757 = 8*f + 85. Suppose -23*b + f*b - 53192 = 0. What is the hundreds digit of b?
8
Suppose 0*b = 3*b - 45. Suppose 3 = -6*d - b. What is the tens digit of (((-4)/(-6))/1)/(d/(-135))?
3
Suppose 3*o = n - 538, 5*o + 2*n + 428 = -476. Let t = 268 + o. What is the units digit of t?
8
Let m(a) = -a**2 - 14*a + 1. Let g be m(-15). Suppose 2*k - 310 = f - 4*f, 0 = 2*k - 5*f - 294. Let y = g + k. What is the units digit of y?
8
Let k(s) = -62*s - 1759. What is the units digit of k(-47)?
5
Let q = -81 + 81. Suppose q = 19*i - 1768 - 1348. What is the hundreds digit of i?
1
What is the hundreds digit of (9 + (-109)/7 - (-9)/(-21)) + 21952?
9
Suppose -4*g + 9 - 7 = 3*z, -9 = 3*g - 3*z. Let h(x) be the first derivative of 5*x**3/3 - 3*x**2/2 - x - 1. What is the units digit of h(g)?
7
Suppose -4*b + 10 + 10 = 0. Suppose -10 = 2*t - b*t - l, -10 = 5*t - 5*l. Suppose -2*v - 3*v = 5*q - 330, -126 = -t*v - 4*q. What is the units digit of v?
9
What is the tens digit of (6622811/(-117))/(-19) + (-6)/27?
7
Let v be ((-2)/3)/((-3)/((-540)/(-8))). Suppose 17*x + 16 = v*x. Let u(b) = -12*b - 13. What is the units digit of u(x)?
3
Let d = 3762 - 2240. Suppose -13*z = d - 7580. What is the hundreds digit of z?
4
Let g(p) = 4*p**2 - 153*p - 477. What is the thousands digit of g(69)?
8
Let y(z) = -13*z**3 - 9*z**2 - 4*z + 134. What is the units digit of y(-7)?
0
Suppose f + 2*s + 3*s = 12, -2*s = -2*f. Suppose f*x + 160 = -3*x. Let b = -21 - x. What is the units digit of b?
1
Let s(l) = l**3 + 7*l**2 - 27*l - 22. Let j be s(-10). Let m = j + -5. What is the tens digit of 380/6 - 38/m?
6
Let h(i) = i**3 + 8*i**2 + 8*i + 9. Suppose 5*k = -f + 5, 0 = -2*f - 3*k + 36 + 9. Let a = 23 - f. What is the units digit of h(a)?
2
Let r = 2084 - 1061. Suppose 3*h - 381 - r = 0. What is the tens digit of h?
6
Suppose -32*o + 101*o + 79*o = 3570648. What is the thousands digit of o?
4
Let x = 3617 - -9357. What is the hundreds digit of x?
9
Let a(y) be the second derivative of 83*y**3 - y**2/2 - 206*y. What is the units digit of a(2)?
5
Let w = 35767 - 9912. What is the units digit of w?
5
Suppose -46981*w + 46970*w = -177397. What is the ten thousands digit of w?
1
Let n(t) = 6*t**2 + 15*t - 11. Let c be n(-4). Let l(q) = q**3 - 7*q**2 + 9*q - 3. Let b be l(11). Suppose -30*o = -c*o - b. What is the hundreds digit of o?
1
Let n be (22/10)/((-8)/(-40)). Let z be (14 - n)/(6/4). Suppose -a = 2, 2*g = -0*g - z*a + 288. What is the tens digit of g?
4
Let l(r) = 7*r**2 + 3*r + 16. Let d(a) = -a**2 + 11*a + 21. Let m be d(12). What is the units digit of l(m)?
0
Let l be (-23 + 20)*(-1 - -499)/(-2). Let m = l + -663. What is the units digit of m?
4
Let m be ((-36)/(-54))/(2/(-3))*-5. Let j = 285 - 137. Suppose 3*z - m*i = j, i - 200 = -5*z - 0*i. What is the units digit of z?
1
What is the units digit of ((10/5)/6*-6)/((-4)/12864)?
2
Let v = -2 + 68. Suppose -132 = -q - v. Let k = 57 + q. What is the tens digit of k?
2
Let l(u) = 16*u**2 + 89*u + 13. What is the tens digit of l(13)?
7
Let z(i) = 408*i - 5. Let m be z(2). Let u = m + -463. Suppose 99 = a - 5*s, 2*a + 4*s + u = 6*a. What is the units digit of a?
4
Let g = 432 - 434. Let p(m) = -526*m - 8. What is the tens digit of p(g)?
4
What is the thousands digit of 3/((56/(-140))/((-33104)/60))?
4
Suppose 0 = 4*n + 2*m - 30, 4*m = -m + 25. Suppose 0 = 5*v - 2*w - 1 - 2, -3*v + w = -2. What is the tens digit of (56/20)/(v/n)?
1
Suppose -79*j + 19*j = 437127 - 1943607. What is the hundreds digit of j?
1
Let m(j) = 233*j + 167. What is the tens digit of m(22)?
9
Let b = 109 - 85. What is the tens digit of (b/14)/((-6)/21) - -1104?
9
Let q = 39339 + -16251. What is the thousands digit of q?
3
Let j = -83 - -78. Let x be (-2)/5*150/j. Suppose -10*z = -9*z - x. What is the units digit of z?
2
Let k = 23791 - 12131. What is the ten thousands digit of k?
1
Let m = 3870 - -6084. What is the tens digit of m?
5
Suppose 23*o = 39 + 53. Suppose 0 = 3*w - 3*c - 1008, o*w + 11*c - 12*c - 1350 = 0. What is the units digit of w?
8
Let k be ((2 + -2)/(-2))/(1/1). Let n be ((-2)/10*k)/1. Suppose n = 3*i + 6*i - 1827. What is the units digit of i?
3
Suppose 28503 + 14609 = 8*o. What is the tens digit of o?
8
Suppose a + 22322 = 3*f, -6*a + 3*a = -5*f + 37210. What is the tens digit of f?
3
Suppose 2*y - 761 = -5*x, -5*x + 4*y + 107 + 666 = 0. Let h(i) = -4*i + 64. Let v be h(15). What is the units digit of (v/3 + -1)*x?
1
Let r(d) = 9108*d**3 - d**2 - 50*d + 49. What is the tens digit of r(1)?
0
Let q be (300/(-250))/((-6)/4540). Suppose -9*o - 16 = -13*o. Suppose 3*b - q = o*v, -4*b + 1500 = b - 4*v. What is the hundreds digit of b?
2
Suppose -7*o - 1693 = 1296. Let p = o + 663. Suppose -11*r - p = -12*r. What is the tens digit of r?
3
Let j(k) = 2*k**3 - 9*k**2 + 3*k + 51. Let t be (6 + -9)/(5/(35/(-3))). What is the units digit of j(t)?
7
Suppose -4*x + 36*i - 35*i = -7224, -3*i - 9030 = -5*x. What is the units digit of x?
6
Let m(d) = -4*d - 6. Let h(a) = -12*a - 17. Let j(w) = 4*h(w) - 14*m(w). Let x(u) = -u + 1. Let k(z) = -j(z) - x(z). What is the units digit of k(-4)?
1
Suppose 3*d - 10 = -4*p, 2*p + d - 10 = 2*d. Suppose -p*h = -2*u + 524, -5*u + 0*u + 1280 = -4*h. Suppose 4*o = o + u. What is the units digit of o?
4
Let y(x) = 15*x + 155. Let b be (-5 - -7) + (3 - 0) - -4. What is the units digit of y(b)?
0
Let p(c) = -c + 1. Let u(s) = -2*s. Let z(w) = -14*w - 2. Let i(a) = 6*u(a) - 2*z(a). Let j(n) = i(n) + 4*p(n). What is the tens digit of j(4)?
5
Let s(q) = 104*q**2 + q - 1. Let h be s(1). Suppose -b - v + 71 = 0, 3*v + h - 390 = -4*b. What is the tens digit of b?
7
Suppose 2*k + 12*a - 2562 = 0, -a + 1301 = -9*k + 10*k. What is the thousands digit of k?
1
Let p be (-1 + -14)/(-5) - 8. Let g be (-4 - p)/(5/180). What is the units digit of 116/g - (-4)/(-18)?
3
Suppose 16*u + o = 13*u + 4186, 0 = 2*u - 2*o - 2780. Suppose -33*k - u = 